ate the remainder when b is divided by 13.
12
Suppose -4*t + 2*z = -174, -5*z = -36*t + 38*t - 117. Calculate the remainder when 355 is divided by t.
33
Suppose -6*n + 39*n = 15309 + 432. Calculate the remainder when n is divided by 153.
18
Let t(o) = -o**2 - 16*o + 25. Let v be t(-37). Calculate the remainder when 1*(-1 + 4 - v) is divided by 42.
41
Let u(r) = -2*r**3 - 21*r**2 - 64*r + 12. Calculate the remainder when u(-3) is divided by -3 + (6 - 0) - -5.
5
Suppose 293 = 5*s + k, -2*s - 3*k = -26 - 99. Suppose -4*b - s = -6*b. Let c = 13 + b. Calculate the remainder when 83 is divided by c.
41
Suppose 0 = 5*k + 18 + 177. Let z = k - -38. Calculate the remainder when 85 is divided by (-1)/(z - 56/(-58)).
27
What is the remainder when 424 is divided by -6 - (10/((-60)/2502) - -7)?
20
Suppose -3*s - 33 = -3*h, -2*h - 4*s - 10 = -14. What is the remainder when 554 is divided by h?
2
Let f(a) = 3*a**2 + 4*a - 24. Calculate the remainder when (-21)/(-14) + -2 + (-350)/(-4) is divided by f(-5).
25
Calculate the remainder when 225 is divided by (-37 - 11)/(3 + -2)*(-1 - 0).
33
Let u = -141 - -144. Suppose u = 4*n - 17. Calculate the remainder when 42 is divided by n.
2
Let r(w) = 76 + 2642*w**2 - 2641*w**2 + 186 - 84. Let g(q) = 4*q**2 - 2*q + 3. What is the remainder when r(0) is divided by g(-3)?
43
What is the remainder when 598 is divided by (-8 - -12 - 5)*-67?
62
Let m = -198 + 200. Calculate the remainder when (m/(10/35))/(1/14) is divided by 34.
30
Suppose 3*v - 1675 - 3987 = u, 2*v - 3764 = -2*u. What is the remainder when v is divided by 42?
38
Suppose 3*s = 5*r - 173, 2*s - s = -2*r + 78. Let k(x) = 37*x - 276. Calculate the remainder when r is divided by k(8).
17
Let b = 230 + -83. Let m = b + -143. Suppose -r + 218 = 3*i, -r = -i + 58 + 16. Calculate the remainder when i is divided by m.
1
Suppose -2*y + y - 103 = 0. Let t(d) = 32*d**3 + d**2 - d - 2. Let x be t(-1). Let r = x - y. Calculate the remainder when r is divided by 19.
14
Let v be (-5)/(15/(-12)) + 0. Suppose -v*x + 163 = l - 2*l, -5*l - 215 = -5*x. What is the remainder when x is divided by 34?
6
Suppose 15 = 3*f, -4*g + 0*f - 4*f + 36 = 0. Suppose g*r - 5*u = -3*u + 66, u + 84 = 5*r. What is the remainder when r is divided by 4*((-1)/(-4) - -1)?
2
Calculate the remainder when ((784680/(-9))/(-20))/(1 + 3/(-9)) is divided by 30.
29
Let d = 19 + -4. Calculate the remainder when (518/8 - 3) + 5 + 255/(-68) is divided by d.
3
Let n = 81 - 51. Suppose 0 = 4*g + 4*j - 28, 6*g - n = g - 4*j. What is the remainder when (-4 - -74) + (g - 0) is divided by 19?
15
Suppose 32 = -12*s + 14*s. Let r be (2*-1)/((-16)/296). Suppose -h - s + r = 0. What is the remainder when 37 is divided by h?
16
Calculate the remainder when 10569 is divided by -5 + (-44 - -38) + 3*6.
6
Let t(n) = -n**3 - 4*n**2 + 3*n - 8. Suppose 0 = -l, -19*k + 5*l + 60 = -14*k. Calculate the remainder when t(-7) is divided by k.
10
Let g(z) = 5*z**2 - 7*z + 4. Let s be g(3). Suppose -s = -14*h + 168. Suppose o - 8*o = -154. What is the remainder when o is divided by h?
8
Let f be 1/2 - (-133)/38. Suppose 9*m = 4*d + 5*m - 296, 0 = f*d - m - 296. Calculate the remainder when d is divided by 38.
36
Suppose 3*z - 4*x = 94, 2*z - 120 + 90 = -2*x. What is the remainder when 1974 is divided by z?
16
Let k = -7236 + 7617. What is the remainder when k is divided by 67?
46
Suppose 4*t = 2*b, -44 = -2*b - 2*b - 3*t. Suppose 12*d - b*d = 540. Suppose -3*w + 70 = -w - 2*y, -y - 69 = -2*w. What is the remainder when d is divided by w?
33
Let r(g) = 7*g + 10. Let t(s) = s**2 - 43*s + 485. Calculate the remainder when t(16) is divided by r(2).
5
Suppose 5*d - 3*z - 36 = 1, 0 = -3*d - 3*z + 27. Calculate the remainder when (168/d + -6)*8 is divided by 21.
15
Suppose b - 2*k = 576, 0 = 11*b - 9*b - 2*k - 1158. What is the remainder when b is divided by 73?
71
Let d(i) = 655*i + 6345. What is the remainder when d(-9) is divided by 442?
8
Let i(d) = d**3 - 4*d**2 + 10*d - 15. Let y be i(-9). Let a = y + 1216. What is the remainder when a is divided by 4/6 - (-129)/9?
13
Calculate the remainder when 6/5*38990/21 is divided by 22.
6
Let n(g) = 31*g + 98 + g**3 + 5 - 45 - 19*g**2. What is the remainder when n(17) is divided by 2?
1
Suppose 0*a = 26*a - 2028. Suppose -3*w = -4*c + 8 + 2, -5*w = -3*c + 2. Let g(t) = -t**3 + 5*t**2 + 2*t + 3. What is the remainder when a is divided by g(c)?
24
Suppose -108*l = -2*n - 109*l + 64, -106 = -3*n + l. Let p(m) = 3*m - 5 - 7 + 3. What is the remainder when n is divided by p(6)?
7
Let k(r) = 24*r - 21. Let m(q) = q + q**3 - 15*q - 220*q**2 + 208*q**2 + 22. Let p be m(13). Calculate the remainder when k(p) is divided by 28.
27
Suppose -28*s = -129737 + 9841. Calculate the remainder when s is divided by 178.
10
Let z = 89 - 71. What is the remainder when (-80)/(-3) + 6/z is divided by 16?
11
Let w(k) = -19*k**3 + 9*k - 10*k + 4 + 20*k**3. Suppose -15 = -x + 18. What is the remainder when w(4) is divided by x?
31
Let y be 1686/24 - (-1)/(-4). Suppose 5*f = 2*v + y, f = v + 11 + 6. Let w(i) = -11*i + 3. What is the remainder when w(-4) is divided by f?
11
Calculate the remainder when 2590 is divided by (-1519)/(-21) - 6/18.
70
Let r be (1*-1)/(5/(-35) + 0). Suppose r = -2*f + 91. Let o = f + -28. Calculate the remainder when 27 is divided by o.
13
Let n(k) = -23 + 2*k + 14 + 2*k**2 - 6. Let i be n(4). What is the remainder when 20 is divided by (-2)/4 - 1/((-2)/i)?
8
Let r = 15 - 11. Suppose -7*n - 11 = -8*n. Suppose -n*j = -r*j - 189. What is the remainder when 105 is divided by j?
24
Suppose -7 + 15 = 2*o. What is the remainder when 241 is divided by 66/o*(-56)/(-42)?
21
Suppose -5*o = 5*h - 1260, o + 267 = h - o. Let w = h + -246. Calculate the remainder when 71 is divided by w.
5
Let t(g) = -75*g + 485. Calculate the remainder when t(5) is divided by (2/4)/((-9)/(-558)).
17
Let h be 1 + 112 - (-21 + 17). Suppose o + 29 = 2*o - 4*z, 0 = 3*o + 3*z - h. Calculate the remainder when 220 is divided by o.
35
Suppose 0 = p + p + 318. Let z = -20782 - -20796. What is the remainder when (-3)/(-12) - p/4 is divided by z?
12
Let z = -69 - -59. Let u be 108/(-10)*(-4 - z/15). Let b = u + -17. Calculate the remainder when 43 is divided by b.
5
Suppose 1 = -2*q - 3*a, -3*q - 2*a - 6 = -q. Let i = q + 13. Let d = -86829 + 86836. What is the remainder when d is divided by i?
2
Suppose 1610*a = 1607*a + 249. Suppose -221 = -3*s + 2*o, -2*o - a = -s - 6*o. Calculate the remainder when s is divided by 19.
18
Suppose 6*a + 4*a = 40. Suppose -a*j = y - 410, -2*j = y - 3*y - 200. Calculate the remainder when j is divided by 56.
46
Let s = 3540 + -3513. What is the remainder when 1591 is divided by s?
25
Suppose 0 = 4*o + 2*i + 104, -o + 5*i - 2*i = 12. Let t be (-12)/(-8)*o/(-18). Suppose -t*h = h - 36. Calculate the remainder when 27 is divided by h.
3
Suppose -32 = -3*s + 5*b, 3*s + 7*b - 5*b - 25 = 0. What is the remainder when 228 + (-6)/6 + -8 + 3 is divided by s?
6
Let m(y) be the first derivative of -5*y**2/2 + 103. Let z = 7 - -4. Calculate the remainder when m(-6) is divided by z.
8
Let q(g) = g**3 - 24*g**2 + 3*g - 44. Let p be q(24). Calculate the remainder when 40 is divided by (105/(-20))/((-21)/p).
5
Suppose 42*r = 18*r + 3*r + 42. Calculate the remainder when 213 is divided by r.
1
Suppose 3 = -v, 58*v - 24 = -3*r + 57*v. Calculate the remainder when 1676 is divided by r.
2
Let l(g) be the third derivative of 107*g**6/120 + g**5/60 + 33*g**2. Calculate the remainder when l(1) is divided by 22.
20
Suppose 4*g = -8*g - 7*g + 114. Calculate the remainder when 8973 is divided by g.
3
Let m = -869 - -1213. Calculate the remainder when m is divided by 20.
4
Suppose -60*l - 388 = -4*h - 64*l, -3*h - 5*l = -289. What is the remainder when 1142 is divided by h?
64
Suppose 2*v = u - 3 - 5, -4*v = -4*u + 36. Suppose 375 + 185 = u*q. Let c = -39 + q. What is the remainder when 46 is divided by c?
12
Let o = -4093 + 4607. Calculate the remainder when o is divided by 6.
4
Calculate the remainder when (-4194 + -1)*(-6)/75 - (-4)/10 is divided by 165.
6
Calculate the remainder when 605 is divided by ((-12)/7)/((-401)/50526).
173
Suppose 0 = 350*p - 5178 - 7422. Let o = -30 - -52. What is the remainder when p is divided b